 to base 7
-253113160
-1111100111110101100 (base 2) to base 9
-860185
-10211220212 (base 4) to base 6
-41440102
Convert 11657140 (base 10) to base 8.
54357664
What is 1111011022120 (base 3) in base 9?
1434276
-15274c (base 14) to base 7
-6156125
Convert 7aa7a (base 12) to base 5.
20221331
Convert -21126023 (base 7) to base 14.
-347a83
Convert 442075 (base 8) to base 2.
100100010000111101
Convert -23a693 (base 11) to base 4.
-1130310003
What is -32156103 (base 7) in base 4?
-22130023101
Convert -396105 (base 11) to base 13.
-18a779
What is -1101100101010111101110 (base 2) in base 10?
-3560942
-462a8 (base 11) to base 8
-202536
Convert 1311656 (base 8) to base 11.
22a660
Convert -1038a77 (base 12) to base 14.
-59a64b
13304255 (base 8) to base 6
143543153
Convert 248928 (base 13) to base 5.
211012321
-2769 (base 12) to base 8
-10701
Convert 114421401 (base 6) to base 13.
5b44a3
What is -11112211211 (base 3) in base 5?
-10331204
2a142 (base 13) to base 4
103113103
Convert 1021120201120 (base 3) to base 10.
680685
Convert -a16e7 (base 16) to base 8.
-2413347
Convert 5896314 (base 10) to base 11.
3367a96
What is 5055565 (base 8) in base 6?
44332313
c8d852 (base 15) to base 16
91ec74
-10000010110111010100 (base 2) to base 13
-159c94
Convert 733353 (base 15) to base 9.
11268826
What is 22304435 (base 7) in base 15?
28324e
What is -49a57 (base 11) in base 7?
-416242
What is -c0700 (base 14) in base 5?
-104243424
-7661281 (base 9) to base 3
-21202001022201
What is 1461b (base 13) in base 4?
21113303
487bc5 (base 14) to base 8
11354041
4851841 (base 10) to base 3
100010111110211
Convert -7ca14a (base 13) to base 9.
-5516735
What is 320650514 (base 7) in base 8?
110540000
What is 2732953 (base 11) in base 5?
2201440321
5377634 (base 10) to base 2
10100100000111001100010
What is -1086208 (base 10) in base 8?
-4111400
What is -44767 (base 8) in base 15?
-5925
Convert 12375a (base 12) to base 2.
1001000011001110110
-43445 (base 14) to base 3
-22021020110
Convert 6dcea (base 15) to base 2.
1010101100101010001
What is -26dc1 (base 14) in base 15?
-1d6ad
What is 426529 (base 10) in base 16?
68221
-6109255 (base 10) to base 4
-113103201013
Convert 1410441210 (base 5) to base 4.
31301011202
Convert 101001110011110101 (base 2) to base 5.
20440003
Convert 1dbb749 (base 14) to base 9.
31154403
Convert -1020010002211 (base 3) to base 11.
-405788
-252744 (base 8) to base 7
-513113
-820c5b (base 13) to base 9
-5626708
-10530033 (base 8) to base 9
-4244346
Convert 21024233 (base 5) to base 13.
610a0
What is 22524 (base 11) in base 2?
111111100111111
What is 130130220 (base 4) in base 10?
116520
Convert 110000101010010011100 (base 2) to base 9.
3000243
Convert 132b90 (base 12) to base 10.
316188
-302000330 (base 4) to base 14
-5492c
-498231 (base 11) to base 2
-11000000000111010001
What is -16a8a74 (base 15) in base 8?
-76700264
Convert 10055664 (base 7) to base 5.
203300403
Convert 140233 (base 5) to base 9.
7725
What is 74a6720 (base 11) in base 13?
29724b1
What is -3a776 (base 13) in base 10?
-108933
-10323332302 (base 4) to base 12
-524baa
-1028e (base 15) to base 3
-2121020122
What is -230122322 (base 4) in base 7?
-1355312
Convert 101127 (base 10) to base 14.
28bd5
What is -121214234 (base 5) in base 9?
-1057731
-446cab (base 13) to base 16
-18a3af
-3261601 (base 7) to base 12
-1744b1
Convert -a2dd1a (base 14) to base 10.
-5493316
What is 5403a (base 11) in base 13?
299c0
Convert -1112321 (base 11) to base 9.
-3602271
-174876 (base 9) to base 5
-11433414
142b2 (base 13) to base 10
37832
What is -21243 (base 14) in base 8?
-234233
Convert 88a575 (base 11) to base 12.
5855a5
Convert 431423 (base 8) to base 15.
2ca9c
Convert 606445 (base 7) to base 4.
121023121
Convert -33020331 (base 4) to base 5.
-3441023
443554 (base 8) to base 14
3c604
What is 13740004 (base 9) in base 4?
122000101303
Convert -1110001011100011100 (base 2) to base 4.
-1301130130
What is -11056a (base 11) in base 12?
-86099
What is 36460562 (base 7) in base 16?
31b84e
What is 24379 (base 15) in base 5?
12144124
-1100011100110000010101 (base 2) to base 7
-36511414
-1653525 (base 8) to base 9
-812855
Convert 4532513 (base 7) to base 3.
1001120222112
4e97c (base 15) to base 2
111101011111110100
-4c2bc (base 16) to base 4
-1030022330
244401101 (base 5) to base 10
1168901
-654343 (base 7) to base 2
-11011111011011101
-22110022102 (base 3) to base 8
-505047
-bb09 (base 13) to base 8
-62663
Convert 15707 (base 16) to base 8.
253407
-426420 (base 7) to base 11
-50904
What is -1001213111 (base 4) in base 5?
-32100012
Convert 112424344 (base 5) to base 12.
2097a5
Convert 220122113 (base 5) to base 9.
1685352
Convert -11069 (base 10) to base 2.
-10101100111101
What is 6174564 (base 8) in base 6?
55025232
-5515500 (base 6) to base 9
-457750
What is -3221013003 (base 4) in base 6?
-32244243
Convert 101101100001011101111 (base 2) to base 10.
1491695
Convert 858453 (base 9) to base 10.
511401
-312222231313 (base 4) to base 6
-1231054011
What is 101410005 (base 6) in base 2?
110101101010111010101
Convert 75d230 (base 16) to base 4.
131131020300
What is 1016610 (base 7) in base 3?
20012220200
Convert 914207 (base 11) to base 13.
3c5c3a
Convert -444246 (base 14) to base 15.
-30b510
What is -737138 (base 9) in base 13?
-124622
c5b580 (base 13) to base 10
4623437
What is 34715 (base 8) in base 2?
11100111001101
10101212211 (base 3) to base 11
46363
Convert -10011100011111111 (base 2) to base 3.
-11001220200
-192097 (base 11) to base 6
-10200244
Convert -3477570 (base 8) to base 11.
-599940
1753748 (base 12) to base 8
22350550
-63248 (base 12) to base 9
-217222
-306068 (base 9) to base 8
-542517
What is 37310 (base 9) in base 11?
178a2
50773 (base 8) to base 15
6342
What is 10450034 (base 8) in base 11?
12a6562
-12122010220110 (base 3) to base 15
-3e2493
What is 12514511 (base 7) in base 13?
312053
Convert -12747103 (base 8) to base 14.
-54a32b
What is 303784 (base 9) in base 15?
384d7
-32611403 (base 7) to base 5
-1204402322
-1252 (base 16) to base 10
-4690
Convert 2942a56 (base 11) to base 14.
958330
160463322 (base 7) to base 14
160bb49
Convert -2bbc6 (base 14) to base 10.
-109346
What is 21122323000 (base 4) in base 16?
25aec0
Convert 50a2d (base 16) to base 9.
553053
Convert -1c59ad (base 15) to base 14.
-281118
What is -16460536 (base 9) in base 16?
-7dd93f
2110212021 (base 3) to base 16
be66
-21461103 (base 7) to base 2
-111000010110111101100
47569 (base 15) to base 8
674025
What is 661ba (base 15) in base 8?
1171460
-273403 (base 8) to base 10
-96003
What is -21446661 (base 7) in base 11?
-104a43a
Convert 1022100 (base 6) to base 10.
49716
What is -71046413 (base 8) in base 3?
-1001011010220121
120222100100 (base 3) to base 7
2446524
Convert 21665 (base 7) to base 9.
7465
Convert -1020042123 (base 5) to base 16.
-203aa3
Convert -13b867 (base 12) to base 5.
-41100104
502235 (base 8) to base 13
5a15c
Convert 208343 (base 11) to base 16.
51568
131021002 (base 4) to base 16
1d242
What is 1916276 (base 10) in base 13?
5212bb
What is -352123 (base 7) in base 16?
-f6ca
What is -210225025 (base 7) in base 10?
-12393295
Convert -5462054 (base 8) to base 15.
-1debe1
What is 146237 (base 10) in base 3?
21102121012
What is -987a09 (base 12) in base 4?
-21032203221
Convert d09d4 (base 14) to base 3.
221110201211
-1123932 (base 10) to base 11
-6a8477
What is -101101011110011001 (base 2) in base 7?
-1404022
What is -1111a1 (base 11) in base 13?
-628b0
Convert 32022640 (base 7) to base 3.
12002202210201
Convert -4343542 (base 6) to base 11.
-138305
What is -121021202222 (base 3) in base 5?
-40224342
What is 620725 (base 8) in base 16?
321d5
What is 10036561 (base 7) in base 16?
cb644
51367 (base 9) to base 12
176ba
-20020133020 (base 4) to base 14
-3d6d16
-123221210113 (base 4) to base 9
-14566531
What is -72411 (base 8) in base 12?
-15409
12323011 (base 4) to base 5
1401412
What is 2021131 (base 6) in base 5?
11034200
Convert 1251042 (base 8) to base 9.
581301
What is -10959a (base 11) in base 8?
-523260
Convert 12023021 (base 5) to base 10.
111011
Convert 76354 (base 11) to base 14.
2c5b1
What is -10012201101211 (base 3) in base 5?
-414110011
4331223 (base 6) to base 5
23323033
3025154 (base 6) to base 7
1135660
24502355